{"id":58,"date":"2025-04-21T08:25:01","date_gmt":"2025-04-21T06:25:01","guid":{"rendered":"http:\/\/lafermedepapaours.com\/?page_id=58"},"modified":"2026-04-12T15:59:11","modified_gmt":"2026-04-12T13:59:11","slug":"miel","status":"publish","type":"page","link":"https:\/\/lafermedepapaours.com\/?page_id=58","title":{"rendered":"Miel"},"content":{"rendered":"\n<p>section \u00e9diter aux abeilles et au miel<\/p>\n\n\n\n<p><\/p>\n\n\n\n<p>les sujets sp\u00e9cifiques tels que la cristallisation ou les fleurs mieliferes seront trait\u00e9 sur des articles sp\u00e9cifiques attach\u00e9s \u00e0 cette pages<\/p>\n\n\n\n<figure class=\"wp-block-gallery has-nested-images columns-default is-cropped wp-block-gallery-1 is-layout-flex wp-block-gallery-is-layout-flex\">\n<figure class=\"wp-block-image size-large\"><img loading=\"lazy\" decoding=\"async\" width=\"600\" height=\"800\" data-id=\"77\" src=\"http:\/\/lafermedepapaours.com\/wp-content\/uploads\/2025\/04\/Miel-de-Papa-Ours-2.jpg\" alt=\"\" class=\"wp-image-77\" srcset=\"https:\/\/lafermedepapaours.com\/wp-content\/uploads\/2025\/04\/Miel-de-Papa-Ours-2.jpg 600w, https:\/\/lafermedepapaours.com\/wp-content\/uploads\/2025\/04\/Miel-de-Papa-Ours-2-225x300.jpg 225w\" sizes=\"auto, (max-width: 600px) 100vw, 600px\" \/><\/figure>\n\n\n\n<figure class=\"wp-block-image size-large\"><img loading=\"lazy\" decoding=\"async\" width=\"768\" height=\"1024\" data-id=\"79\" src=\"http:\/\/lafermedepapaours.com\/wp-content\/uploads\/2025\/04\/Photo-06-12-2024-19-20-05-768x1024.jpg\" alt=\"\" class=\"wp-image-79\" srcset=\"https:\/\/lafermedepapaours.com\/wp-content\/uploads\/2025\/04\/Photo-06-12-2024-19-20-05-768x1024.jpg 768w, https:\/\/lafermedepapaours.com\/wp-content\/uploads\/2025\/04\/Photo-06-12-2024-19-20-05-225x300.jpg 225w, https:\/\/lafermedepapaours.com\/wp-content\/uploads\/2025\/04\/Photo-06-12-2024-19-20-05-1152x1536.jpg 1152w, https:\/\/lafermedepapaours.com\/wp-content\/uploads\/2025\/04\/Photo-06-12-2024-19-20-05-1536x2048.jpg 1536w, https:\/\/lafermedepapaours.com\/wp-content\/uploads\/2025\/04\/Photo-06-12-2024-19-20-05-scaled.jpg 1920w\" sizes=\"auto, (max-width: 768px) 100vw, 768px\" \/><\/figure>\n\n\n\n<figure class=\"wp-block-image size-large\"><img loading=\"lazy\" decoding=\"async\" width=\"590\" height=\"593\" data-id=\"75\" src=\"http:\/\/lafermedepapaours.com\/wp-content\/uploads\/2025\/04\/Bee-3.jpg\" alt=\"\" class=\"wp-image-75\" srcset=\"https:\/\/lafermedepapaours.com\/wp-content\/uploads\/2025\/04\/Bee-3.jpg 590w, https:\/\/lafermedepapaours.com\/wp-content\/uploads\/2025\/04\/Bee-3-298x300.jpg 298w, https:\/\/lafermedepapaours.com\/wp-content\/uploads\/2025\/04\/Bee-3-150x150.jpg 150w\" sizes=\"auto, (max-width: 590px) 100vw, 590px\" \/><\/figure>\n\n\n\n<figure class=\"wp-block-image size-large\"><img loading=\"lazy\" decoding=\"async\" width=\"768\" height=\"1024\" data-id=\"80\" src=\"http:\/\/lafermedepapaours.com\/wp-content\/uploads\/2025\/04\/Miel-de-Papa-Ours-7-768x1024.jpg\" alt=\"\" class=\"wp-image-80\" srcset=\"https:\/\/lafermedepapaours.com\/wp-content\/uploads\/2025\/04\/Miel-de-Papa-Ours-7-768x1024.jpg 768w, https:\/\/lafermedepapaours.com\/wp-content\/uploads\/2025\/04\/Miel-de-Papa-Ours-7-225x300.jpg 225w, https:\/\/lafermedepapaours.com\/wp-content\/uploads\/2025\/04\/Miel-de-Papa-Ours-7-1152x1536.jpg 1152w, https:\/\/lafermedepapaours.com\/wp-content\/uploads\/2025\/04\/Miel-de-Papa-Ours-7-1536x2048.jpg 1536w, https:\/\/lafermedepapaours.com\/wp-content\/uploads\/2025\/04\/Miel-de-Papa-Ours-7-scaled.jpg 1920w\" sizes=\"auto, (max-width: 768px) 100vw, 768px\" \/><\/figure>\n\n\n\n<figure class=\"wp-block-image size-large\"><img loading=\"lazy\" decoding=\"async\" width=\"1024\" height=\"678\" data-id=\"78\" src=\"http:\/\/lafermedepapaours.com\/wp-content\/uploads\/2025\/04\/Miel-de-Papa-Ours-6-1024x678.jpg\" alt=\"\" class=\"wp-image-78\" srcset=\"https:\/\/lafermedepapaours.com\/wp-content\/uploads\/2025\/04\/Miel-de-Papa-Ours-6-1024x678.jpg 1024w, https:\/\/lafermedepapaours.com\/wp-content\/uploads\/2025\/04\/Miel-de-Papa-Ours-6-300x199.jpg 300w, https:\/\/lafermedepapaours.com\/wp-content\/uploads\/2025\/04\/Miel-de-Papa-Ours-6-768x509.jpg 768w, https:\/\/lafermedepapaours.com\/wp-content\/uploads\/2025\/04\/Miel-de-Papa-Ours-6-1536x1017.jpg 1536w, https:\/\/lafermedepapaours.com\/wp-content\/uploads\/2025\/04\/Miel-de-Papa-Ours-6-2048x1356.jpg 2048w\" sizes=\"auto, (max-width: 1024px) 100vw, 1024px\" \/><\/figure>\n\n\n\n<figure class=\"wp-block-image size-large\"><img loading=\"lazy\" decoding=\"async\" width=\"583\" height=\"580\" data-id=\"76\" src=\"http:\/\/lafermedepapaours.com\/wp-content\/uploads\/2025\/04\/Bee-2.jpg\" alt=\"\" class=\"wp-image-76\" srcset=\"https:\/\/lafermedepapaours.com\/wp-content\/uploads\/2025\/04\/Bee-2.jpg 583w, https:\/\/lafermedepapaours.com\/wp-content\/uploads\/2025\/04\/Bee-2-300x298.jpg 300w, https:\/\/lafermedepapaours.com\/wp-content\/uploads\/2025\/04\/Bee-2-150x150.jpg 150w\" sizes=\"auto, (max-width: 583px) 100vw, 583px\" \/><\/figure>\n<\/figure>\n\n\n\n<blockquote class=\"wp-embedded-content\" data-secret=\"MOzZ4VLM4k\"><a href=\"http:\/\/lafermedepapaours.com\/?p=64\">Cristallisation du miel<\/a><\/blockquote><iframe loading=\"lazy\" class=\"wp-embedded-content\" sandbox=\"allow-scripts\" security=\"restricted\" style=\"position: absolute; visibility: hidden;\" title=\"\u00ab\u00a0Cristallisation du miel\u00a0\u00bb &#8212; La Ferme De Papa Ours\" src=\"http:\/\/lafermedepapaours.com\/?p=64&#038;embed=true#?secret=vBGtRQBXtH#?secret=MOzZ4VLM4k\" data-secret=\"MOzZ4VLM4k\" width=\"500\" height=\"282\" frameborder=\"0\" marginwidth=\"0\" marginheight=\"0\" scrolling=\"no\"><\/iframe>\n","protected":false},"excerpt":{"rendered":"<p>section \u00e9diter aux abeilles et au miel les sujets sp\u00e9cifiques tels que la cristallisation ou les fleurs mieliferes seront trait\u00e9 sur des articles sp\u00e9cifiques attach\u00e9s \u00e0 cette pages Cristallisation du miel<\/p>\n","protected":false},"author":1,"featured_media":0,"parent":18,"menu_order":2,"comment_status":"closed","ping_status":"closed","template":"","meta":{"advanced_seo_description":"","jetpack_seo_html_title":"","jetpack_seo_noindex":false,"footnotes":""},"class_list":["post-58","page","type-page","status-publish","hentry"],"jetpack_sharing_enabled":true,"jetpack_likes_enabled":true,"_links":{"self":[{"href":"https:\/\/lafermedepapaours.com\/index.php?rest_route=\/wp\/v2\/pages\/58","targetHints":{"allow":["GET"]}}],"collection":[{"href":"https:\/\/lafermedepapaours.com\/index.php?rest_route=\/wp\/v2\/pages"}],"about":[{"href":"https:\/\/lafermedepapaours.com\/index.php?rest_route=\/wp\/v2\/types\/page"}],"author":[{"embeddable":true,"href":"https:\/\/lafermedepapaours.com\/index.php?rest_route=\/wp\/v2\/users\/1"}],"replies":[{"embeddable":true,"href":"https:\/\/lafermedepapaours.com\/index.php?rest_route=%2Fwp%2Fv2%2Fcomments&post=58"}],"version-history":[{"count":4,"href":"https:\/\/lafermedepapaours.com\/index.php?rest_route=\/wp\/v2\/pages\/58\/revisions"}],"predecessor-version":[{"id":81,"href":"https:\/\/lafermedepapaours.com\/index.php?rest_route=\/wp\/v2\/pages\/58\/revisions\/81"}],"up":[{"embeddable":true,"href":"https:\/\/lafermedepapaours.com\/index.php?rest_route=\/wp\/v2\/pages\/18"}],"wp:attachment":[{"href":"https:\/\/lafermedepapaours.com\/index.php?rest_route=%2Fwp%2Fv2%2Fmedia&parent=58"}],"curies":[{"name":"wp","href":"https:\/\/api.w.org\/{rel}","templated":true}]}}